of 9 + -9 - (3 + 1 + -3)?
-1
What is (0 - 9) + (11 - 20 - -9)?
-9
What is (1 - 1) + -1 + (-5 - -1)?
-5
-5 + (-2 - -4) + -7 + 8
-2
Calculate -2 - (-5 + 8 + -7).
2
What is (6 - 7) + -4 - (-8 + 3)?
0
What is the value of (3 - (1 - -6)) + -11 + 9?
-6
Calculate 1 + -2 + (1 - -1) + -4.
-3
Calculate 1 + 2 + -4 - -1 - 0.
0
(-3 + -5 - -11) + -1 + 0
2
Evaluate -15 - -25 - (-1 + 7).
4
What is the value of 0 - (-2 - (-4 - 1))?
-3
Evaluate 1 + (-5 + 2 - -6) + -5.
-1
3 + -18 + 9 - -3
-3
What is -1 - (-5 - -2) - (-10 + 13)?
-1
What is the value of 4 + 0 + (-7 - -7) + -7?
-3
Evaluate (-44 - -41) + 1 + 1.
-1
Evaluate -3 - (9 + (-4 - 7)).
-1
What is the value of (-1 - (-5 + 8)) + (-5 - -3)?
-6
4 - (-3 + (11 - 6))
2
What is the value of (-114 - -122) + -9 + 1?
0
What is the value of 0 + (1 - (3 - 6))?
4
What is the value of 3 + (1 - (5 + 2))?
-3
Evaluate 6 + 0 + (-9 - -9) + 0.
6
(4 - -1 - 2) + 2 + -2
3
What is the value of -3 + 3 + -1 - (0 + 3)?
-4
What is -1 + (-1 - -3) + (37 - 39)?
-1
0 + (2 + 2 - 4 - -1)
1
Evaluate -2 - (-13 + 3 + 2) - 1.
5
(-21 - -25) + (-1 - 0)
3
4 - (-5 + 3 - -5)
1
Calculate (13 - (14 + -1)) + 5 + -1.
4
Calculate 4 - 19 - (0 + -9).
-6
What is the value of (-5 - -8) + (-15 - -20)?
8
What is -1 - (0 + -6 + 4)?
1
What is (2 + 1 - (-7 - -10)) + -5?
-5
What is the value of -6 + (3 - 1) - 2?
-6
Calculate 4 + 0 + (-10 - (10 - 14)).
-2
Calculate -2 + -1 + (-3 - -4) + 0.
-2
What is the value of (1 - -3 - 4) + 0 + 3?
3
Evaluate 3 + -6 - -4 - -1 - -4.
6
What is the value of (-5 + -2 - -2) + 1?
-4
What is -3 + (0 - (1 + -10 - -1))?
5
4 - 3 - ((-3 - -5) + 1)
-2
Evaluate 4 + (-6 - -1 - 6).
-7
What is 30 + -19 - (-1 - -1)?
11
What is (-1 - 3) + 0 + -1?
-5
-4 + -8 + 4 - -14
6
What is the value of 3 - 5 - (-1 - 6 - -4)?
1
0 - -1 - (-4 - -5)
0
Calculate -6 + (8 - 1 - 3).
-2
What is the value of (4 - 17) + 10 + -1?
-4
What is 0 + 3 - (0 - -2 - 1)?
2
What is 1 + -4 + 7 + -11?
-7
Evaluate 7 - (3 - (3 - (-5 - -7))).
5
What is the value of (4 - 1) + (1 - (1 - 2))?
5
What is -3 + 13 + -2 + -5?
3
What is 1 + -1 + 13 + -17?
-4
What is the value of 0 + (-10 + 6 - -2)?
-2
Calculate 4 + -3 + -9 + 5.
-3
What is the value of (7 - -1) + -1 - 1 - 0?
6
What is -9 + 11 + -3 + 3 + 3?
5
Calculate (0 - 4) + 21 + -15.
2
-2 + 0 - (-3 - (0 + 2))
3
Evaluate (3 - 6) + (0 - (2 - 2)).
-3
Calculate -2 - (-1 - -1) - (-30 + 26).
2
-29 + 31 - (6 + -1 + -1)
-2
What is -13 + 7 - (-3 - 6)?
3
-1 - (-7 + 0 - -2)
4
Calculate (7 + -4 - 1) + -1 + 2.
3
What is the value of 1 + 3 - (-1 + 4 + 0)?
1
Calculate 7 + -1 - (-121 + 120).
7
Calculate (-2 - 4) + (0 + 9 - 9).
-6
Calculate (-7 - (-14 + 7)) + -5.
-5
What is the value of 0 + (4 - (2 + -2 - -2))?
2
Evaluate (-1 - 0 - (4 + -7)) + 0.
2
What is the value of -10 - (-2 - (12 - 2))?
2
What is the value of (1 - (4 + (4 - 10))) + -10?
-7
Calculate 2 + (0 - (4 + 1)).
-3
What is 6 - 2 - (-7 - -6)?
5
What is the value of (-1 - -1) + -1 + -8 + 10?
1
Calculate 0 - 5 - (-1 + 4 + -4).
-4
What is the value of (-1 - (6 + -9)) + 3?
5
-1 - 6 - (5 + -10)
-2
Calculate 6 - -8 - 8 - 10.
-4
What is 3 + -8 + -1 + 3 + -1?
-4
Calculate (9 - (4 + -4)) + -4.
5
What is the value of -2 + 0 + (4 - 4) + 3?
1
What is the value of (-1 + -4 - 0 - 3) + 13?
5
Evaluate 26 - 17 - (0 - (-2 + -2)).
5
Calculate -1 + -2 - (1 - 1).
-3
Evaluate -8 + (2 - (-1 + -5 + 4)).
-4
(3 - 4) + 7 + -4 - -5
7
3 - 0 - (0 + (-1 - 0))
4
1 - (2 - 2) - (1 + -5)
5
Evaluate -5 - (1 + 2 + -2 - 0).
-6
What is the value of 1 - (-2 - (-3 - (4 - 9)))?
5
-2 + (11 - 4) + -6 + 3
2
What is 41 - 34 - (6 - -2)?
-1
-2 + (-3 + 5 - -2)
2
Calculate -5 + (5 - 3) - -4.
1
What is the value of (-6 - 1) + -3 + 5 + -4?
-9
What is -2 + (4 - 3) + -3 + 0?
-4
What is 10 - 6 - (-1 - (1 + -6))?
0
Calculate (3 - 3) + 2 + -1.
1
(1 - (1 + 6 - 10)) + -8
-4
What is 0 + 0 - (2 + -11 - -5)?
4
Calculate 1 + (-2 - -5) + -5.
-1
(1 - 9) + (22 - (28 - 10))
-4
-1 - (0 + (4 - 2))
-3
3 + -10 + 13 + -2
4
8 + -10 + -5 + 4
-3
(-2 - (5 + -2)) + (2 - 2)
-5
-6 - -5 - (0 - -1) - -7
5
8 - (-6 - (-10 + -6))
-2
What is 8 + -1 + (-1 - 1) + -6?
-1
What is the value of 2 + -2 - (0 - 4)?
4
Evaluate -5 + (0 - (-17 + 10)).
2
What is (-3 - -5) + 4 + -8?
-2
-3 - (-1 + 1) - -6
3
Calculate 0 + (0 - 4 - -9).
5
Evaluate -1 + -5 + (-38 - -38).
-6
Evaluate -2 + 7 + -4 + 0 + 0.
1
What is 2 + (12 - 11) + 0 + 1?
4
6 - 5 - (-1 + 2)
0
Evaluate (-2 - 3) + -2 - -3 - -5.
1
What is -1 + -3 + 3 + 6?
5
1 + 7 + (-3 - 3)
2
What is the value of (-12 - -7 - -5) + (0 - -2)?
2
Calculate (3 - 7) + (9 - 1).
4
-4 + 0 - -1 - 1 - 1
-5
Calculate 3 + -8 - (2 + -4 + -1).
-2
What is (10 - 3) + (-2 + -2 - -3)?
6
What is -5 + 10 - 3 - 5?
-3
What is the value of -2 + (-6 - (4 - 6)) - -9?
3
Calculate 2 + (-1 + 1 - 1).
1
-5 + (1 + 0 - -2) - -1
-1
What is the value of (9 - (20 - 11)) + -1?
-1
What is the value of 7 + -3 + 0 + -5?
-1
Evaluate -2 - 8 - (-43 + 39).
-6
-5 - (7 - 5 - 8)
1
What is the value of 6 - (3 + 2) - 4?
-3
What is the value of 3 + (2 - (-3 + 8))?
0
Calculate (7 - 0) + 0 + -2.
5
What is -1 - ((4 - (-2 - -4)) + -1)?
-2
Evaluate 1 - (-1 + 3) - (11 + -16).
4
Evaluate (-2 - -1) + (28 - 24) + -10.
-7
What is the value of -2 - (-11 - -2) - 3?
4
Evaluate -11 - -9 - (4 + -4).
-2
What is (-1 - (-3 + 3)) + (1 - -1)?
1
What is the value of (15 - (21 - 7)) + (-1 - 5)?
-5
Calculate (10 - 1) + -3 + -5 + 2.
3
2 + 7 + -5 + 0 + -1
3
What is the value of -15 - (-7 - -6 - 7)?
-7
Calculate 3 + -4 + -1 + 4.
2
What is -2 - (3 + -1 + -1)?
-3
What is the value of 9 + -9 - 0 - 4?
-4
Calculate (0 - -2 - -8) + -8.
2
Calculate -2 - (4 + -7 + 3).
-2
0 - (0 - (-3 + -4 + 2))
-5
What is -6 + 6 + (5 - 3)?
2
8 + (-9 - -8) + -2
5
-4 - -17 - -1 - (2 - -4)
8
Evaluate 2 + -2 - -4 - (1 + 3).
0
What is the value of -4 + -1 + (-79 - -76)?
-8
Evaluate 1 + (2 - 5) + 2 + -1.
-1
What is 3 - (2 + -6 - (0 + -9))?
-2
(-4 - (3 + -8)) + 2
3
Evaluate -1 - ((-3 - 9) + 5 + 4).
2
2 - (6 + (-1 - -1)) - -1
-3
1 + 0 + -3 + 2 + 4
4
What is -7 - (3 + -7) - 4?
-7
(2 - (8 - 7)) + (0 - -7)
8
What is the value of 38 - 33 - (0 + 2) - -4?
7
Evaluate -11 + (-9 + 3 - -10).
-7
What is the value of 17 + -7 - (4 + 4)?
2
What is the value of (4 - -2) + (3 - 5)?
4
(-9 - 3) + 5 + 12
5
5 + 0 - 17 - (-6 - 2)
-4
16 - (5 - (-8 + -5 + 11))
9
10 + 3 - (0 - -5)
8
What is 13 + -13 + (4 - (2 - 0))?
2
13 + -18 + (1 - 1)
-5
-1 - (-2 - (5 + -6 + 6))
6
Evaluate (-6 - (-11 + 8)) + 2 + -2.
-3
2 + -4 - (15 + -17)
0
What is the value of -2 + 2 + (-4 - 2) + 9?
3
(10 - (21 - 10)) + (-2 - -7)
4
What is 7 - (1 + 5 + -2)?
3
What is -6 + 9 + -5 + -2 + 2?
-2
Calculate -3 - (8 + -8 + 4).
-7
7 + (-5 + -4 - -7)
5
What is 2 + -11 + 4 + 3?
-2
What is the value of (-12 - -6 - -13) + -6?
1
What is the value of -13 + -4 + 5 - -8?
-4
What is the value of 2 + 0 - (7 + -3 + 0)?
-2
(-6 - (4 + -6)) + 1
-3
4 + (4 - ((3 - -4) + -2))
3
Calculate -8 - (-3 - -3 - 4).
-4
Evaluate -7 + ((8 - 2) + -3 - -3).
-1
Evaluate (3 - 1) + -4 + (-4 - -5).
-1
Calculate -1 + 8 + 6 + -12.
1
Evaluate (2 - 3 - 0) + (74 - 67).
6
Evaluate -6 + (-8 - -4 - (-4 + 0)).
-6
Calculate (11 - 25) + 6 - (1 + 0).
-9
What is 2 + (-2 - 4) + 4?
0
What is the value of 2 + 3 + 0 + -5?
0
Calculate 6 + -6 - 3 - -5 - 6.
-4
Calculate 4 + 2 + -1 + -2 + -4.
-1
What is 1 + -5 + 1 - (-38 - -42)?
-7
What is the value of -1 + -1 + -3 + 0 + 1?
-4
What is the value of (6 - 9) + (4 - 0) - 2?
-1
Evaluate -5 - (-11 - (-1 - 6)).
-1
What is -4 + (1 - (4 + -2))?
-5
Calculate -13 - -13 - (1 - 0).
-1
Evaluate 5 + -2 - (-2 + 11 - 2).
-4
What is (-1 + -7 + 4 - 1) + 8?
3
Evaluate (-2 - -2) + -2 + 1.
-1
What is the value of (10 - 0) + 8 + -14?
4
What is the value of 14 - 1 - (-71 - -75)?
9
(-2 - -3) + 2 - (-28 - -29)
2
Evaluate 12 - (16 - (7 + 3)).
6
What is -43 + 40 - (7 - -1 - 2)?
-9
1 + -7 + (-6 - (3 - 9))
-6
What is the value of 9 + 12 + -18 + 6?
9
What is -7 - (-14 + (1 - -2))?
4
Calculate (-7 - (-5 - 5 - 2)) + -14.
-9
What is the value of -1 + -6 - (-11 + 5 + 4)?
-5
What is 3 + 3 + -2 + -4 + -2?
-2
-2 - (7 + -3 + 5 + -5)
-6
Calculate -6 + (0 - (-14 + 5)).
3
What is 10 - 14 - 6 - -4?
-6
-10 + 14 + -5 + -1 - -2
0
Calculate -3 - -6 - (0 + -1 + 2).
2
What is (27 - 17) + 0 + -4?
6
-7 + (7 - -2) - -3
5
What is the value of -3 + 12 + -2 + -7?
0
What is the value of -6 + 3 + 0 + 4 + -8?
-7
What is -3 + 6 + -3 + (4 - 4)?
0
What is the value of -7 + -7 + 10 + 2